ed by 2/5*(h - 1).
3
Let w(o) = -o**2 - 11*o - 16. Let v be w(-12). Let s = 50 + v. Calculate the remainder when s is divided by 4.
2
Suppose -18*g = -15*g - 339. What is the remainder when g is divided by 58?
55
Suppose 0 = 5*s + 31 - 36, -4*p + 959 = -s. Calculate the remainder when p is divided by 68.
36
Suppose -75*l + 108*l = 2145. Calculate the remainder when 259 is divided by l.
64
Let c = -399 + 526. Suppose -4*t - 32 = -96. Calculate the remainder when c is divided by t.
15
Suppose 4*p + w - 149 = 0, w + 175 = 4*p + p. Let t = p - 10. Let q(a) = -a**3 + 8*a**2 + 7*a - 7. What is the remainder when q(8) is divided by t?
23
Suppose 6 - 110 = -2*a. Suppose 4*c = -3*g + 17, 5*c + 4 = 4*g + c. Let d = g - -15. What is the remainder when a is divided by d?
16
Let i be (44/(-2))/(6/3 + -4). Calculate the remainder when 7 is divided by (i - 1)*(21/(-35) - -1).
3
Let z(t) = 3*t**3 - 8*t**2 + 3*t + 2. Let r be z(5). Suppose 7*l = r + 221. What is the remainder when l is divided by 20?
19
Suppose 0 = 30*t + 32*t - 806. Calculate the remainder when 426 is divided by t.
10
Let m(y) = -4 + 3*y**2 + 0 + 9*y + 2*y**2 - 6*y**2. Let k = 11 - 3. Calculate the remainder when 7 is divided by m(k).
3
Let k = 39 + 7. Let v = k - 31. Calculate the remainder when 261/6 + (-1)/2 is divided by v.
13
Let m be (-7)/((-4)/(-20*2)). Let z = -40 - m. What is the remainder when z is divided by 9?
3
Suppose 3*v - 254 = -2*o, 3*o - 47 = -3*v + 202. What is the remainder when v is divided by 45?
43
Let h(b) = -b**2 - 2*b + 8. Let y be h(-4). Suppose 7*w - 62 + 13 = y. What is the remainder when w is divided by 4?
3
Suppose q - 8 = 4. Let o(r) = -107*r - 358. What is the remainder when o(-4) is divided by q?
10
Let c be 20/110 - 840/22. Let z = 61 + c. Calculate the remainder when z is divided by 9.
5
Let u = -730 - -918. Calculate the remainder when u is divided by 7.
6
Let g be ((-2)/(-6))/(8/48). Suppose g = -3*w + 92. Suppose 3*j = 5*o - 4 + 54, 5*o - w = -j. Calculate the remainder when j is divided by 7.
6
Suppose 4*z = 12, 0*v - 4*v - 29 = -3*z. Calculate the remainder when ((-23)/v)/((-10)/(-50)) + -2 is divided by 12.
9
Let a be (0 - 3/6)*-10. Suppose 255 = a*h - 3*o - 50, 0 = 3*h + 2*o - 183. Calculate the remainder when h is divided by 16.
13
Suppose -2*k = 2*t - 507 + 73, k + 5*t - 233 = 0. Calculate the remainder when k is divided by 31.
27
Suppose 7 = -u - 3*g, -2*u - 3*u + 37 = -3*g. Suppose -4*f + 104 = 5*c - c, -f = u*c - 110. Calculate the remainder when c is divided by (-17 + 2)*2/(-5).
3
Suppose 0 = -k + 2 + 11. Suppose 5 = z + k. Calculate the remainder when 21 is divided by (-5)/(-20) - 86/z.
10
Let l(n) = 5*n**2 + n + 2. Let h be l(-2). Suppose 19 = 3*o - h. What is the remainder when 15 is divided by o?
2
Let r = -439 - -898. What is the remainder when r is divided by 42?
39
Suppose 6*b - 4*b - 395 = -3*f, -4*f + 4*b = -500. Let g = 42 - -2. Calculate the remainder when f is divided by g.
41
Let f(h) = -25*h - 27. Let y(t) = -58*t**3 + t**2. Calculate the remainder when f(-8) is divided by y(-1).
55
Suppose -3*t - 5 + 17 = 0. Suppose 3*b = g - 22, 0 = -9*b + 14*b + 30. Calculate the remainder when t is divided by g.
0
Let m = 47 - 30. Let w(o) = 6*o**2 - 23*o. Let h(x) = 2*x**2 - 8*x. Let c(z) = -11*h(z) + 4*w(z). What is the remainder when c(6) is divided by m?
14
Let s(f) = -f**2 - 24*f - 25. What is the remainder when s(-20) is divided by 31?
24
Let v(d) = -d**3 - 7*d**2 - 7*d - 32. What is the remainder when v(-7) is divided by 4?
1
Suppose 23*m + 775 = 54*m. Let f(q) = -2*q**3 - 4*q**2 - 3*q - 3. Calculate the remainder when f(-4) is divided by m.
23
Let i = 46 - -23. Calculate the remainder when 409 is divided by i.
64
Let o = 170 + -89. Calculate the remainder when o is divided by 28.
25
Let a(t) = t + 20. Let l be a(-21). Let h = 8 - l. Calculate the remainder when 25 is divided by h.
7
Let v(y) be the first derivative of -y**2/2 + 3*y + 1. Let q be ((-140)/(-50))/(2/(-5)). What is the remainder when 57 is divided by v(q)?
7
Let z = -23 + 106. Let k = 9 + -33. What is the remainder when z is divided by 8/2 - (k + 4 - -3)?
20
Suppose 0 - 20 = -5*g, 3*h - 4*g = 11. Calculate the remainder when h is divided by (-5)/((-4)/(24/6)).
4
Let b be -16 - -2 - (-4)/1. Let j be (-4)/b + (-3447)/(-45). Suppose -4*f + j = -23. Calculate the remainder when 47 is divided by f.
22
Suppose -2*q - 3*v = 2*v + 44, 2*q + 32 = v. Let b = q + 24. What is the remainder when 16 is divided by b?
2
Let g be (-2)/(-7) - (-2628)/63. Let q = -32 + g. Calculate the remainder when 29 is divided by q.
9
Let y(w) = -2*w**2 - 16*w + 21. Calculate the remainder when 31 is divided by y(-8).
10
Let v be 2/(-2)*8/(-2). Let t(g) = 2*g**2 - 4*g - 2. Calculate the remainder when (-15)/(-10) + 206/4 is divided by t(v).
11
Suppose -3*v = -29 - 301. Let m = v + -55. Calculate the remainder when m is divided by 28.
27
Suppose -13 = -x - a, -2*x - 3*x = 2*a - 77. What is the remainder when x is divided by 4?
1
Suppose -9*u + 32 = -5*u. Suppose 4*n + 14 = 5*x + 74, 0 = -x - 4. Let a = n + u. What is the remainder when 33 is divided by a?
15
Let i(v) = -v + 1. Let r be i(-2). Let k(a) = a - 2. Let y be k(r). What is the remainder when 23 is divided by y/(-2 - (-26)/12)?
5
Calculate the remainder when 118 is divided by ((-30)/(-7))/(51/476).
38
Suppose 4*l - l = 2*m + 391, l = -m + 122. What is the remainder when l is divided by 41?
4
Let v(w) = w + 13. Let o(x) = x**3 - 9*x**2 - x + 3. Let s be o(9). Calculate the remainder when 9 is divided by v(s).
2
Suppose -7*g + 529 = -1529. Suppose 15*w + g = 22*w. Calculate the remainder when 123 is divided by w.
39
What is the remainder when (26/6)/((-42)/(-1260)) is divided by 33?
31
Suppose -3*y = -2*w + 8, -3*w + 20 + 9 = 4*y. Calculate the remainder when 389 is divided by w.
4
Let u(z) = -z + 14. Let w be u(-6). Suppose -11*p + 9*p + w = 0. What is the remainder when 37 is divided by p?
7
Let i(g) = -12*g**2 + 2. Let b be i(2). Let u = 33 - b. What is the remainder when u is divided by 5?
4
Let r(b) = -b**3 + 3*b**2 + 2*b - 4. Let y be r(3). Let j be y + (-1 - -1)*-1. Suppose j = z - 2. Calculate the remainder when 13 is divided by z.
1
Suppose -3*r - f + 563 = -2*f, -4*f = 2*r - 352. Suppose 22*k = 24*k - 22. Calculate the remainder when r is divided by k.
10
Suppose 19*b + 57 = 22*b. Calculate the remainder when 246 is divided by b.
18
Suppose -5*r = 4*n - 141, -2*r + 6*n - n = -30. Calculate the remainder when r is divided by 5.
0
Let i(h) = 19*h + 3*h + 3 - 2. What is the remainder when 4 - 4 - 4 - -71 is divided by i(1)?
21
Suppose 0 = y + 4*j - 64, y = 2*j + 60 + 10. Calculate the remainder when 76 is divided by y.
8
Suppose 90 = -20*u + 21*u. What is the remainder when u is divided by 17?
5
Let u = 155 + -320. Let d = -118 - u. Suppose 60 = 5*a - 0*a. Calculate the remainder when d is divided by a.
11
Let t(d) = -6*d**3 + d**2 + d - 3. Calculate the remainder when t(-3) is divided by 34.
29
Suppose -5*m + 2*p = -674, 3*m - p - 2*p - 399 = 0. What is the remainder when m is divided by 24?
16
Suppose k + 160 = 4*y, y = 2*y + k - 40. Suppose 44*f - 96 = y*f. Calculate the remainder when f is divided by 9.
6
Suppose 11*r + 210 = 16*r. Calculate the remainder when r is divided by 9.
6
Calculate the remainder when 54 - (1 - 2 - -1) is divided by (-3)/(-6 - 243/(-42)).
12
Suppose 0 = 3*f + 5*p - 29, 0*p = -4*f + 3*p + 58. Suppose 8*j + 2 = 2*l + 10*j, 3*j + 17 = 2*l. Calculate the remainder when 8 is divided by f/l + 2/(-8).
2
Let m(j) = 5*j**3 + 82*j**2 + 15*j - 31. Calculate the remainder when m(-16) is divided by 85.
71
Let v(k) = -12*k - 46. Calculate the remainder when 68 is divided by v(-7).
30
Let w = 49 + -41. Suppose -w*c + 3*c = -f - 37, f + 30 = 4*c. What is the remainder when 26 is divided by c?
5
Let d be 3 + (0/2 - -15). Suppose 0 = 3*x - d - 0. Suppose f = x*f - 45. What is the remainder when 25 is divided by f?
7
Let c be 1/(42/(-180) + 2/5). Suppose -6*d + c = -5*d. What is the remainder when d is divided by 4?
2
Let g = 2882 - 2846. What is the remainder when (-4)/2 + 77 + -4 is divided by g?
35
Suppose -8*r = -2*r - 144. Let s(u) = 3*u - 52. What is the remainder when (5 - -94) + -1 + -1 is divided by s(r)?
17
Suppose -